remainder when 9 is divided by r?
1
Suppose 3*u = u + 10. What is the remainder when 25 is divided by (-1)/u + 36/5?
4
Suppose 2*r + 5*l = 13, 2*r = -2*r - 5*l + 31. Let u be (-2)/(1 + 1)*-5. Calculate the remainder when 0/1 + 7*u is divided by r.
8
What is the remainder when -188*(0 - (-2)/(-4)) is divided by 32?
30
What is the remainder when (-695)/(-11) + (-6)/33 is divided by 16?
15
Suppose 0 = -4*c - 0*c + 184. Let d = c - 17. Let q(y) = y**2 + y + 4. What is the remainder when d is divided by q(-3)?
9
Suppose 4*c + 66 = 3*t, -3*c + t = -4*c - 20. Let q = -12 - c. Calculate the remainder when 10 is divided by q.
4
Suppose -x + 27 - 6 = 0. What is the remainder when 101 is divided by x?
17
Let k = 16 + -35. Let s = k + 50. Let z(h) = -h**3 + 5*h**2 - h + 4. What is the remainder when s is divided by z(4)?
15
Suppose -3*p + 3 = -12. Let o(t) = -t**3 + 3*t**2 + 6*t - 2. Let y be o(4). Let g = y - -3. What is the remainder when g is divided by p?
4
Let g(p) = -5*p**3 - 2*p**2 - p. Let l be g(-1). Suppose -l*u + 55 = u. What is the remainder when 31 is divided by u?
9
Let m = 0 + 4. Suppose 2*a + 4*g - 64 = 0, 121 = 5*a - m*g + 31. Suppose 0 = 2*s + 3*s - 60. What is the remainder when a is divided by s?
10
Suppose -4*h + 26 = -2*h. Let a(z) = -z**2 - z**3 - 3 + 1 + 0 + 2*z. What is the remainder when a(-4) is divided by h?
12
Let y be (6/10)/((-2)/(-10)). Suppose -y*r + 3*a + 22 + 5 = 0, 0 = -3*a - 3. Calculate the remainder when r is divided by 3.
2
Let g be 1 + 1 - 14/(-7). Calculate the remainder when 39 is divided by 5/(-10) - (-42)/g.
9
Suppose 33 = 2*a - 9. Let g(o) = -o**2 + 3*o + 4. Let l be g(4). Calculate the remainder when l + 3*120/9 is divided by a.
19
Let k = -142 - -180. Calculate the remainder when k is divided by 11.
5
Let z = 138 + -75. What is the remainder when z is divided by 8?
7
Suppose -7 = -5*p + 8. Suppose -n - 17 = r + p*r, 5*r = -2*n - 19. What is the remainder when (-203)/r + (-6)/(-15) is divided by 14?
13
Let h be 2/2*-7 - 3. Let a be ((-12)/h)/(24/(-80)). Calculate the remainder when 8 is divided by 5 - 1 - (5 + a).
2
Suppose 3*r - 7 = 11. Let u(w) = -12*w - 1. Let i be u(-3). Suppose 5*p = 5*s - 115 + i, 2*s = 3*p + 37. What is the remainder when s is divided by r?
5
Let v(q) be the second derivative of 3/2*q**2 + 0 + 1/3*q**3 - 2*q. Calculate the remainder when v(4) is divided by 6.
5
Suppose -3*l + 5 = -1. Suppose -l*h = -9 - 3. Let f = 13 + -3. Calculate the remainder when f is divided by h.
4
Suppose 0 = 3*r + r. Suppose 6*c - 9 = 3*c. Suppose r = c*w + 4*j - 30, -w + 3*w = -j + 25. Calculate the remainder when 26 is divided by w.
12
Let m be 29 - (-3)/((-9)/3). Suppose t - m = -t. Calculate the remainder when t is divided by 5.
4
Let a = -241 - -374. What is the remainder when a is divided by 34?
31
Let o be 4/14 + (-2)/7. Let m be (2/4)/((-1)/(-12)). Suppose o = j - 10 - m. Calculate the remainder when 47 is divided by j.
15
Let t(u) = u**2 + 6*u + 4. Suppose 4*z - 7 = 3*z. Let v = -1 + z. What is the remainder when t(-7) is divided by v?
5
Let g(v) = -v**2 + 26*v + 40. What is the remainder when g(26) is divided by 7?
5
Let l(q) = 18*q - 2. Let p be l(-2). Let i = 62 + p. What is the remainder when i is divided by 13?
11
Let k(c) = -c**3 + 21*c**2 + 25*c - 38. Calculate the remainder when 82 is divided by k(22).
26
Let g(d) = -d + 4. Suppose 2*u = 7*u - 30. Let m be g(u). Let z = -1 - m. Calculate the remainder when 1 is divided by z.
0
Let u(c) = 4*c**2 - 7*c + 11. Calculate the remainder when u(5) is divided by 39.
37
Let j(f) = -3*f**2 + 1 + 2*f**2 + 2*f**2 + 4*f. Suppose b - k = 13, -k - k = -b + 16. Calculate the remainder when b is divided by j(-5).
4
Let d(s) = -s + s**3 - 6*s**2 - 4*s**2 + 7*s + 3*s + 6. Calculate the remainder when 9 is divided by d(9).
3
Suppose 4*j - f = 157, 4*f + 9 = 3*j - 125. Suppose -d - 4*d = -25. Suppose 4*m + 2*u = 42, -5*m = -d*u - 5 - 85. What is the remainder when j is divided by m?
12
Calculate the remainder when (10/20)/((-2)/(-124)) is divided by 17.
14
Let a(g) = 2*g**2 + 2*g. Calculate the remainder when 95 is divided by a(2).
11
Let v(f) = -4*f - 12. Let g be v(-6). Let c = g + 72. Calculate the remainder when c is divided by 17.
16
Suppose 0 = -28*h + 33*h - 525. Calculate the remainder when h is divided by 18.
15
Let y be 5/(5/(-6))*1. Suppose g + 65 = 3*b - g, 5*g = 2*b - 47. Calculate the remainder when b is divided by (-132)/(-20) - y/(-10).
3
Calculate the remainder when 4/10 - 153/(-5) is divided by 17.
14
Suppose 0*s + 2*s = -20. Let m = 35 + s. Calculate the remainder when m is divided by (-4 - -3)/((-1)/9).
7
Suppose 2*g - 3*u - 107 = 0, -5*g - 5*u = -0*u - 230. Suppose -j = 4*j - 5, 5*j = -2*r + g. Calculate the remainder when r is divided by 12.
10
Let v = -206 + 289. What is the remainder when v is divided by 22?
17
Let a be (1 - 0) + 44/(-11). Calculate the remainder when (-2)/6 - 46/a is divided by 1*2*2*1.
3
Calculate the remainder when 63/6 - -6*2/8 is divided by 4.
0
Let o(i) = 9*i - 4. What is the remainder when o(4) is divided by 11?
10
Let f be (3 - 105/(-9))*3. Let r = f - 24. What is the remainder when 79 is divided by r?
19
What is the remainder when ((-80)/(-15))/((-2)/(-24)) is divided by 36?
28
What is the remainder when 42*3/((-36)/(-30)) is divided by 53?
52
What is the remainder when 9/(-18)*-16*1*1 is divided by 6?
2
What is the remainder when 58 is divided by (-10)/(-25) - 294/(-15)?
18
Suppose 0 = 5*i - 5*f - 45, 2*i - 3*i = -2*f - 13. Suppose -i*p = -w - 0*w - 11, 5*w = -3*p + 1. Calculate the remainder when 4 is divided by p.
0
Suppose -3*i = 4*a - 0*i - 720, 0 = -a - i + 180. Calculate the remainder when 13 is divided by a/42 + (-2)/7.
1
Let n = 2 - -4. Suppose -2*t + 37 = -7. What is the remainder when t is divided by n?
4
Let x be (9 - 7)/((-1)/(-2)). Let l(v) = 7*v + 6. What is the remainder when l(x) is divided by 18?
16
Let h(j) = -j**2 - 17*j + 6. Calculate the remainder when h(-16) is divided by 6.
4
Let b(t) = -27*t**3 - 1. Let i be b(1). What is the remainder when (-3)/(-12)*-3*i is divided by 11?
10
Let z(h) = -h**2 - 19*h - 14. What is the remainder when z(-16) is divided by 12?
10
Let h = -7 - -7. Suppose -5*k + 60 = -h. What is the remainder when 21 is divided by k?
9
Let f(t) = -t**3 - 15*t**2 - 18*t - 10. Calculate the remainder when 137 is divided by f(-14).
45
Suppose 3 = -2*x + 43. Calculate the remainder when 116 is divided by x.
16
Let o(y) = -y**3 + 6*y**2 + 6*y - 4. Let m be o(5). Suppose -4*v = -m - 117. Calculate the remainder when v is divided by 9.
6
Let w(p) = p**2 + 4*p + 3. Calculate the remainder when w(4) is divided by 12.
11
Suppose -2*k + 6*k + 4*u = -12, -k + 3*u = 7. Calculate the remainder when (2 + k + 1)*-23 is divided by (-9 + 11)*2*3.
11
Let g = 16 + 33. Calculate the remainder when g is divided by 17.
15
Let d = -3 + 8. Suppose -4*x - t + 26 = 0, -d = -4*x - 5*t + 13. Suppose 53 + 7 = 3*w. Calculate the remainder when w is divided by x.
6
Let r(y) = -y + 14. Let a be r(9). Calculate the remainder when 2/10 + 84/a is divided by 9.
8
Let k(l) = -l**2 - 6*l + 10. Let g be k(-7). What is the remainder when g*2/6 + 3 is divided by 2?
0
Let k(v) = -v**2 + 13*v - 8. Calculate the remainder when k(7) is divided by 19.
15
Let n = 28 + -20. Suppose 0 = -4*w + n*w - 84. Calculate the remainder when 83 is divided by w.
20
Suppose 0 = c + 3*c. Let m be 10/(4 + -2 + c). Suppose 0 = 2*n - 9 - m. What is the remainder when 18 is divided by n?
4
Suppose 2*g = 7*g - 80. What is the remainder when g is divided by 7?
2
Suppose -o + 44 = -3*k, o - 73 = -o + 3*k. Calculate the remainder when o is divided by 10.
9
Suppose 8*h = 7*h + 23. Calculate the remainder when h is divided by 8.
7
Suppose 0 = -5*z + 20. Suppose j - 95 = -z*j. What is the remainder when j is divided by 10?
9
Let r be -27 - -29 - 1*4. Let v(u) = u**3 - u**2 - u + 1. Let b be v(2). Calculate the remainder when b + -6 - (-32 - r) is divided by 14.
13
Suppose -3*f = -2*u + 209, -4*f + 25 = -9*f. What is the remainder when u is divided by 20?
17
Suppose -k + 4*d - 2 = 1, 0 = -5*k + 2*d + 57. Calculate the remainder when k is divided by 9.
4
Let t be (17 - -3) + -3 - 1. Let g = -4 + t. Calculate the remainder when g is divided by 7.
5
